 Let j be h(1). Let g be i(j). Let o(r) = -r**2 - 4*r + 3. Determine o(g).
3
Let b(j) = j**3 + j - 1. Let y = -83 - -84. Give b(y).
1
Let n = 4 + -7. Let m be (-8)/n + (-3)/(-9). Let g(d) = 4 + 3 - 5 - 2*d**3 - 3*d**2 + 2*d + 3*d**3. What is g(m)?
8
Let n(d) = 8*d + 1. Let p(i) = 4*i. Let g(f) = 3*n(f) - 5*p(f). Give g(4).
19
Let m = 132 - 134. Let z(s) = -6*s**2 - 1. Give z(m).
-25
Let s(t) be the third derivative of -t**5/60 - t**4/24 + 5*t**3/2 - 5*t**2. Calculate s(0).
15
Suppose a = -5*f - 9, 0 = -0*f - f - 5*a - 21. Let i be (f - -2)*0/4. Let s(b) = -b - 11. Determine s(i).
-11
Let p(o) = 10*o - 1. Let v = -3 - -2. What is p(v)?
-11
Suppose -1 - 8 = -3*d. Suppose 0 = -4*p + 4*j, -2*p + 2 = -7*p + d*j. Let q(t) = 4*t**2 + 1. What is q(p)?
5
Let r(q) = 5*q**2 - q + 1. Let g be r(1). Let b(p) = p - 7. Determine b(g).
-2
Let p(k) = k**2 - 4*k - 3. Let n(r) = r + 2. Let h be n(0). Suppose -c = -3 - h. Determine p(c).
2
Let l = 17 - 17. Suppose 2*h - 2*j - 4 = l, -j - 3 = -2*h - 0*j. Let n(b) = 8*b**2 - b + 1. Determine n(h).
8
Suppose -3*j - 9 = -0. Let r be 6/(-4)*2/j. Let c(b) = 0*b**2 + 3*b**2 - b**2 + 10*b**2 - r. What is c(1)?
11
Suppose 3*c - 5 = -3*m - m, 5*m - 10 = -5*c. Suppose -4*j + c + 5 = 0. Let y(i) = 8*i. What is y(j)?
16
Let t(a) = -a**3 - 4*a**2 + 5*a + 1. Let y(r) = -3*r**3 + 2*r - 1. Let h be y(1). Let f be ((-20)/h)/(-2)*1. What is t(f)?
1
Let d be (-5 + (-85)/(-15))*(-3)/2. Let f(v) = 14*v**2 - v - 1. Determine f(d).
14
Let q(u) be the third derivative of u**6/120 - 2*u**5/15 + u**4/4 - 5*u**3/3 + 72*u**2. Calculate q(7).
-17
Let o(q) = q**3 + 7*q**2 + 7*q + 9. Let s be o(-6). Let a(l) = -s*l**2 + l**2 + 3*l**2 - 2*l**2 - 3 + 7*l. Determine a(6).
3
Let i(q) be the third derivative of q**6/120 + q**4/24 + 5*q**3/6 - 7*q**2. Let k(a) = -a**3 - 3*a**2 - a + 2. Let u be k(-2). What is i(u)?
5
Let l be -3*4/(-6) - (-14 - -17). Let z(r) = 2 + 12*r - 1 + 0*r. Calculate z(l).
-11
Let d(x) be the first derivative of 2*x**3/3 + 7*x**2/2 + 2*x + 6. Let f(q) = q**2 + q + 1. Let y(h) = -d(h) + f(h). Calculate y(-6).
-1
Let d(x) = x**3 + 5*x**2 - 2*x - 7. Let l be 1/(3 - 2)*-8. Let g be (l/1)/(1 - 3). Suppose 0 = g*q - 9*q - 25. Give d(q).
3
Let v(d) = -9*d**3 - 2*d**2 - d. Let b = -19 - -22. Suppose -c = -b + 4. Calculate v(c).
8
Let f(y) = y**3 + 4*y**2 + 3*y + 4. Let h(q) = -q**2 - 2*q + 1. Let z be h(1). Let b be f(z). Let s(i) = i**2 - 6*i - 1. Determine s(b).
-1
Let k(s) = 3*s - 3. Let t be -1 + 9/6*-2. Let q = 0 - t. Suppose -z = z - q. Give k(z).
3
Let y(l) = -l + 1 - 3*l**2 - l**2 + 5*l**2. Let m be y(0). Let v(k) = 4*k**3. Determine v(m).
4
Let x(r) = -r**3 - 5*r**2 + 4. Let q be x(-5). Let c(g) = 2*g - 4. Let b be c(q). Let j(y) = 0 + 4*y**2 - b - 2*y**2 + 5*y. Calculate j(-4).
8
Let z(b) = b + 6. Suppose 3*c - 10 = 2*c - 4*p, 5*c = 3*p - 42. What is z(c)?
0
Let d = 1 - 1. Let h(v) = 0*v + 1 - v - 1. Let p(s) = -4*s + 4. Let u(k) = 5*h(k) - p(k). Give u(d).
-4
Let w(d) = -7*d + 18. Let i(u) = -11*u + 27. Let g(n) = -5*i(n) + 8*w(n). Let z(f) = f**2 - 8*f - 9. Let x be z(8). Let b = -5 - x. What is g(b)?
5
Let k be ((-2)/(-4))/(3/(-24)). Let a be 6 + -10 - k/2. Let v(g) = g**2 + g + 1. What is v(a)?
3
Let v(j) be the second derivative of -j**5/20 + j**4/2 - 2*j**3/3 - 3*j. Calculate v(5).
5
Let g(b) = -9*b**3 + 5*b**2 + 7*b + 16. Let o(a) = -5*a**3 + 6 + 3*a + 4 + 0*a + 2*a**2 - 2. Let v(z) = 6*g(z) - 11*o(z). Determine v(-7).
-6
Let h(d) = -d**2 + d - 1. Let a(v) be the first derivative of 3*v**3 - 3*v**2/2 + 3*v - 4. Let p(z) = a(z) + 2*h(z). Give p(1).
7
Let q(s) = -s. Suppose -a = 12 + 9. Let l = 27 + a. Give q(l).
-6
Suppose -6*g + 22 = -17*g. Let p(x) be the third derivative of x**4/24 + x**3/6 - 2*x**2. Give p(g).
-1
Suppose z + 8 = -z. Let v = z - -8. Let t(b) = -b**3 + 5*b**2 - 5*b - 1. What is t(v)?
-5
Let p(r) be the first derivative of r**2 + r + 55. Give p(1).
3
Let b(j) = -23*j + 2 + 12*j + 12*j + 3. Determine b(0).
5
Let x(t) be the first derivative of t**4/4 + 4*t**3/3 + t**2 - 2*t - 8. What is x(-2)?
2
Let h(n) be the first derivative of 3 - 2*n**3 - 7*n + 0*n**2 - 1/4*n**4. Give h(-6).
-7
Let h be ((-4)/3)/(10/(-45)). Let s(t) = -t + 4. Calculate s(h).
-2
Let y(f) = f**2 - 3*f - 3. Let j(x) = -x**3 + x. Let n(d) = d**3 - 4*d**2 - 6*d - 2. Let p(c) = 2*j(c) + n(c). Let k be p(-2). Give y(k).
7
Suppose -3*t - q + 15 = -0*q, 5*q = t - 5. Suppose -t*s = y + 13, y - 4*s = 2*y + 10. Let p(o) = -2*o - 1 + 0*o + 8*o**3 - 7*o**3. What is p(y)?
3
Let h(z) = -2*z - 6. Let m(q) be the second derivative of q**4/12 + 7*q**3/3 + 4*q**2 + 4*q. Let r be m(-13). Give h(r).
4
Let h(x) = 2*x + 11. Let f(p) = 2*p + 10. Let y(j) = -3*f(j) + 2*h(j). Calculate y(-8).
8
Let q = 4 + -2. Suppose -q*l - 8 = 2*t - 0*t, 0 = -t - 4*l - 4. Let c(v) = v**3 + 4*v**2 + 2*v + 2. Calculate c(t).
-6
Let x be (4/(-10))/(2/(-20)). Let d(i) be the first derivative of 1/3*i**3 - 3*i - i**2 - 5. Determine d(x).
5
Suppose -2*c + 3*v - v = 6, c + 2*v - 12 = 0. Suppose -c*d - 1 = 5. Let j(u) = 0*u**2 + u + 1 + 0*u - u**2. Determine j(d).
-11
Suppose 4*g - 24 = 3*u, -u + 1 = g + 2. Let z = -3 + g. Suppose -3*d = 0, z = -3*s + d + 3 - 0. Let h(q) = -3*q - 1. Give h(s).
-4
Let s(i) = 2*i + 1. Let u(j) = 2*j + 2. Let f(k) = 6*s(k) - 4*u(k). Let h be (0/3 - 1)*2. What is f(h)?
-10
Let l(o) = o**3 + o**2 + 6 + 5*o + 4*o**2 - 2. Let s be l(-4). Suppose -3*r = -s*r. Let a(g) = g + 8. Determine a(r).
8
Let t(k) = k**2 + k + 1. Let h(s) = -4*s**2 - 2*s - 9. Let j(g) = -h(g) - 5*t(g). Give j(-3).
4
Let o(j) = -j - 3. Suppose 0*r - 3*r + 6 = 0. Suppose -14 = 3*d - q - 3*q, r*q = 5*d + 14. Give o(d).
-1
Let j(l) = -l**2 + l + 5 - 3 - 3 + 3*l. Suppose -4*c + n - 2*n = -15, 0 = 2*n - 6. Give j(c).
2
Let r(w) = w**2 - w - 6. Let p be -1 - (0 + (-2 - -1)). Let v be (-4 - (4 + -2)) + p. Let k = v - -6. Calculate r(k).
-6
Let p = 1 - 6. Let z(t) = -4 - 2*t - 7 + t. What is z(p)?
-6
Let f be 6/(-5)*(-5)/2. Let d(j) = 2 - 4*j**2 - 3*j + j**f + 3 - 4. Let o(p) = p**2 + 4*p + 4. Let t be o(-4). Give d(t).
-11
Let j(l) = l**2 - 4*l - 1. Let q be j(5). Let p = -8 + 13. Let d(o) = p - 1 - 1 - 6*o + o**2. What is d(q)?
-5
Let j = 56 + -57. Let q(r) = 10*r**2 - 1. What is q(j)?
9
Let q(b) = -20*b - 1. Let u(c) = 9*c. Let m(o) = 4*q(o) + 9*u(o). Suppose 0 = 2*a - 0*a - 12. What is m(a)?
2
Let o(w) = w + 1. Suppose -8*v + 10 = 2. Let c(y) = y**2 + y + 8. Let h(t) = -4*t**3 - 2*t + 1. Let s be h(1). Let m(n) = s*o(n) + v*c(n). Determine m(2).
-1
Let b(v) = -v**3 - 8*v**2 + 9*v + 8. Let t be b(-9). Let j(h) = -h**2 + 8*h - 6. Let a be j(t). Let w = a + 7. Let g(c) = 2*c**2. Calculate g(w).
2
Let w(a) = -a**2 - 7*a - 4. Let d be (3/(-3))/((-2)/(-14)). Give w(d).
-4
Let a = 30 - 31. Let w(d) be the first derivative of 4*d**3/3 + d**2/2 + d + 1. What is w(a)?
4
Let u = 76 + -48. Let z be 6/(-9) + u/(-12). Let i(c) = -c - 3. Determine i(z).
0
Let d(w) = -w + 7. Suppose -s = 2*p - 2, -2*s - 5*p - 34 = -6*s. Let i be d(s). Let n(t) = -6*t**3 + t**2. What is n(i)?
-5
Suppose 0 - 18 = -3*k. Let q(d) = d - 7. Give q(k).
-1
Let n(i) = i**3 - 3*i**2 - 5*i - 2. Let s be 0 + (3 - (0 - 3)). Let v = 10 - s. Suppose 5*j - v = 4*j. Give n(j).
-6
Let j be (-27)/6*(-6)/9. Let s(b) = 0*b + 0*b + 3*b - 1 + j. Give s(-2).
-4
Let j = 26 - 14. Let v be (-2)/8 + (-33)/j. Let n(a) = a + 5. Determine n(v).
2
Let f(n) = -2*n - 4*n - 6 + 7*n. Suppose 5*z - 4*x - 10 = 0, -2*z - x = 2*x - 4. Suppose 0 = 4*g - 0*o - z*o, 0 = 4*g + 5*o. What is f(g)?
-6
Let s(f) be the first derivative of 1/4*f**4 - 5/3*f**3 - 4 + 0*f**2 + 0*f. Determine s(5).
0
Suppose 0 = -3*i - 7 + 1. Let x(s) = -19*s - 7. Let z(w) = 6*w + 2. Let a(l) = 2*x(l) + 7*z(l). Determine a(i).
-8
Let w(t) = -t**2 + 5*t + 4. Let p(o) = 2*o**2 - 5*o - 5. Let a(h) = -2*p(h) - 3*w(h). Let r be ((-15)/9)/(1/3). Determine a(r).
-2
Let q(d) = -6*d + 2. Let j(z) = 6*z - 3. Let c(u) = 4*j(u) + 5*q(u). Give c(-3).
16
Let u(d) be the second derivative of -d**4/6 - d**3/2 + d**2 + 2*d. Suppose 4*a + 16 = 2*o - 4*o, -5*o + 4*a = -30. Suppose -q - 9 = o*q. What is u(q)?
-7
Let b(t) = t**3 + 4*t**2 - 7*t - 5. Suppose -7*h + 80 = -3*h. Suppose 2*k = 6*k + h. What is b(k)?
5
Suppose w + 4*w - 80 = 0. Let d be w/6 - (-4)/(-6). Let j(q) = q**d + 4*q + 1 - 4*q. Give j(2